{"id":69,"date":"2020-01-05T21:01:04","date_gmt":"2020-01-05T21:01:04","guid":{"rendered":"http:\/\/wp.sgs-ev.de\/?page_id=69"},"modified":"2025-08-18T15:09:05","modified_gmt":"2025-08-18T15:09:05","slug":"der-verein","status":"publish","type":"page","link":"http:\/\/wp.sgs-ev.de\/?page_id=69","title":{"rendered":"Der Verein"},"content":{"rendered":"<p><strong>Der Verein<\/strong><\/p>\n<p><img loading=\"lazy\" decoding=\"async\" class=\"alignnone wp-image-672 size-large\" src=\"http:\/\/wp.sgs-ev.de\/wp-content\/uploads\/2021\/05\/77031F0E-BD72-4389-BFC4-1FEC6E0B7C43-1024x682.jpeg\" alt=\"\" width=\"750\" height=\"500\" srcset=\"http:\/\/wp.sgs-ev.de\/wp-content\/uploads\/2021\/05\/77031F0E-BD72-4389-BFC4-1FEC6E0B7C43-1024x682.jpeg 1024w, http:\/\/wp.sgs-ev.de\/wp-content\/uploads\/2021\/05\/77031F0E-BD72-4389-BFC4-1FEC6E0B7C43-300x200.jpeg 300w, http:\/\/wp.sgs-ev.de\/wp-content\/uploads\/2021\/05\/77031F0E-BD72-4389-BFC4-1FEC6E0B7C43-768x512.jpeg 768w, http:\/\/wp.sgs-ev.de\/wp-content\/uploads\/2021\/05\/77031F0E-BD72-4389-BFC4-1FEC6E0B7C43-1536x1023.jpeg 1536w, http:\/\/wp.sgs-ev.de\/wp-content\/uploads\/2021\/05\/77031F0E-BD72-4389-BFC4-1FEC6E0B7C43.jpeg 1725w\" sizes=\"auto, (max-width: 750px) 100vw, 750px\" \/><\/p>\n<p>Er hat sich seit seiner Gr\u00fcndung im Jahre 1978 in Hemer die wissenschaftliche Erforschung der H\u00f6hlen und Karstph\u00e4moene sowie der historischen Bergwerke in s\u00fcdlichen Westfalen zur Aufgabe gemacht.<br \/>\nDie SGS hat ca. 40 Mitglieder aus dem nordwestdeutschen Raum.<\/p>\n<p>&nbsp;<\/p>\n<p>&nbsp;<\/p>\n<p><img loading=\"lazy\" decoding=\"async\" class=\"wp-image-658 size-medium alignleft\" src=\"http:\/\/wp.sgs-ev.de\/wp-content\/uploads\/2021\/05\/66B82701-421E-4767-8AA2-5F5DB27F0825-300x200.jpeg\" alt=\"\" width=\"300\" height=\"200\" srcset=\"http:\/\/wp.sgs-ev.de\/wp-content\/uploads\/2021\/05\/66B82701-421E-4767-8AA2-5F5DB27F0825-300x200.jpeg 300w, http:\/\/wp.sgs-ev.de\/wp-content\/uploads\/2021\/05\/66B82701-421E-4767-8AA2-5F5DB27F0825-1024x682.jpeg 1024w, http:\/\/wp.sgs-ev.de\/wp-content\/uploads\/2021\/05\/66B82701-421E-4767-8AA2-5F5DB27F0825-768x512.jpeg 768w, http:\/\/wp.sgs-ev.de\/wp-content\/uploads\/2021\/05\/66B82701-421E-4767-8AA2-5F5DB27F0825-1536x1023.jpeg 1536w, http:\/\/wp.sgs-ev.de\/wp-content\/uploads\/2021\/05\/66B82701-421E-4767-8AA2-5F5DB27F0825.jpeg 1725w\" sizes=\"auto, (max-width: 300px) 100vw, 300px\" \/>In diesen Gebieten sind wir aktiv:<\/p>\n<p>Hagen-Hohenlimburg, Hemer-Felsenmeer, H\u00f6nnetal, Sundern, Plettenberg, Arnsberg<\/p>\n<p>Die Erforschung des historischen Bergbaus liegt Schwerpunktm\u00e4ssig im Gebiet Hemer, Iserlohn und Sundern. Wichtige Aufgaben sind der Schutz von H\u00f6hlen als<span class=\"Apple-converted-space\">\u00a0<\/span>Geotop, Biotop und Bodendenkmal.<\/p>\n<p>Vereinstreffen finden am ersten Freitag in geraden Monaten statt.<\/p>\n<p>Die Mitgliedsbeitr\u00e4ge beginnen bei 10 \u20ac f\u00fcr F\u00f6rdermitglieder.<\/p>\n<p><span class=\"Apple-converted-space\">Weitere Informationen bekommen Sie unter: <\/span>Tel. 02372\/80704 oder \u00a0E-Mail:\u00a0<a href=\"mailto:info@sgs-ev.de\">info@sgs-ev.de<\/a><\/p>\n<p>&nbsp;<\/p>\n<p><strong>Aktivit\u00e4ten<img loading=\"lazy\" decoding=\"async\" class=\"wp-image-685 size-medium alignleft\" src=\"http:\/\/wp.sgs-ev.de\/wp-content\/uploads\/2021\/05\/39961755-03F6-4568-AAF9-C35ADA84DCF3-300x200.jpeg\" alt=\"\" width=\"300\" height=\"200\" srcset=\"http:\/\/wp.sgs-ev.de\/wp-content\/uploads\/2021\/05\/39961755-03F6-4568-AAF9-C35ADA84DCF3-300x200.jpeg 300w, http:\/\/wp.sgs-ev.de\/wp-content\/uploads\/2021\/05\/39961755-03F6-4568-AAF9-C35ADA84DCF3-1024x682.jpeg 1024w, http:\/\/wp.sgs-ev.de\/wp-content\/uploads\/2021\/05\/39961755-03F6-4568-AAF9-C35ADA84DCF3-768x512.jpeg 768w, http:\/\/wp.sgs-ev.de\/wp-content\/uploads\/2021\/05\/39961755-03F6-4568-AAF9-C35ADA84DCF3-1536x1023.jpeg 1536w, http:\/\/wp.sgs-ev.de\/wp-content\/uploads\/2021\/05\/39961755-03F6-4568-AAF9-C35ADA84DCF3.jpeg 1725w\" sizes=\"auto, (max-width: 300px) 100vw, 300px\" \/><\/strong><\/p>\n<p>Als einer der gro\u00dfen H\u00f6hlenforschervereine in NRW unterh\u00e4lt die SGS zur Vertretung der Vereinsinteressen Kontakte zu vielen Beh\u00f6rden, Organisationen, Verb\u00e4nden und Vereinen.<\/p>\n<p>Enge Kontakte bestehen zu den f\u00fcr den M\u00e4rkischen Kreis zust\u00e4ndigen Landschafts-, Denkmal- und Bergbeh\u00f6rden sowie den Grundeigent\u00fcmern der betreuten Gebiete bzw. Objekte.<\/p>\n<p>&nbsp;<\/p>\n<p>&nbsp;<\/p>\n<p>Durch diese Mitgliedschaften sind wir verbunden:<\/p>\n<p><a href=\"http:\/\/www.reckenhoehle.de\/\" target=\"_blank\" rel=\"noopener\">Reckenh\u00f6hle<\/a><\/p>\n<p><a href=\"http:\/\/www.vdhk.de\/\" target=\"_blank\" rel=\"noopener\">Verband der deutschen H\u00f6hlen- und Karstforscher e.V.<\/a><\/p>\n<p><a href=\"http:\/\/www.lhk-nrw.de\/\" target=\"_blank\" rel=\"noopener\">Landesverband der H\u00f6hlen- und Karstforscher NRW e.V.<\/a><\/p>\n<p><a href=\"http:\/\/www.heimatbund-mk.de\/\" target=\"_blank\" rel=\"noopener\">Heimatbund M\u00e4rkischer Kreis e.V.<\/a><\/p>\n<p><a href=\"http:\/\/www.bergbauhistorie.ruhr\/\" target=\"_blank\" rel=\"noopener\">F\u00f6rderverein Berbauhistorischer St\u00e4tten Ruhrrevier e.V.<\/a><\/p>\n<p><a href=\"http:\/\/www.templer-hilfsdienst.de\" target=\"_blank\" rel=\"noopener\">Templer-Hilfsdienst e.V.\u00a0<\/a><\/p>\n<p>&nbsp;<\/p>\n","protected":false},"excerpt":{"rendered":"<p>Der Verein Er hat sich seit seiner Gr\u00fcndung im Jahre 1978 in Hemer die wissenschaftliche Erforschung der H\u00f6hlen und Karstph\u00e4moene sowie der historischen Bergwerke in s\u00fcdlichen Westfalen zur Aufgabe gemacht. Die SGS hat ca. 40 Mitglieder aus dem nordwestdeutschen Raum.<\/p>\n","protected":false},"author":1,"featured_media":0,"parent":0,"menu_order":0,"comment_status":"closed","ping_status":"closed","template":"","meta":{"footnotes":""},"class_list":["post-69","page","type-page","status-publish","hentry"],"_links":{"self":[{"href":"http:\/\/wp.sgs-ev.de\/index.php?rest_route=\/wp\/v2\/pages\/69","targetHints":{"allow":["GET"]}}],"collection":[{"href":"http:\/\/wp.sgs-ev.de\/index.php?rest_route=\/wp\/v2\/pages"}],"about":[{"href":"http:\/\/wp.sgs-ev.de\/index.php?rest_route=\/wp\/v2\/types\/page"}],"author":[{"embeddable":true,"href":"http:\/\/wp.sgs-ev.de\/index.php?rest_route=\/wp\/v2\/users\/1"}],"replies":[{"embeddable":true,"href":"http:\/\/wp.sgs-ev.de\/index.php?rest_route=%2Fwp%2Fv2%2Fcomments&post=69"}],"version-history":[{"count":44,"href":"http:\/\/wp.sgs-ev.de\/index.php?rest_route=\/wp\/v2\/pages\/69\/revisions"}],"predecessor-version":[{"id":1118,"href":"http:\/\/wp.sgs-ev.de\/index.php?rest_route=\/wp\/v2\/pages\/69\/revisions\/1118"}],"wp:attachment":[{"href":"http:\/\/wp.sgs-ev.de\/index.php?rest_route=%2Fwp%2Fv2%2Fmedia&parent=69"}],"curies":[{"name":"wp","href":"https:\/\/api.w.org\/{rel}","templated":true}]}}